{"id":53,"date":"2014-01-03T12:15:43","date_gmt":"2014-01-03T11:15:43","guid":{"rendered":"http:\/\/annalinea.hr\/?page_id=53"},"modified":"2024-04-19T08:30:50","modified_gmt":"2024-04-19T07:30:50","slug":"o-nama","status":"publish","type":"page","link":"https:\/\/annalinea.hr\/?page_id=53","title":{"rendered":"O nama"},"content":{"rendered":"<p style=\"text-align: justify;\">Turisti\u010dka agencija Annalinea d.o.o.\u00a0 smje\u0161tajem turista kod privatnih iznajmljiva\u010da i u hotelima te u svoj novom objektu\u00a0 PERUNIKA B&amp;B koja se nalazi u Mo\u0161\u0107eni\u010dkoj Dragi,posredovanjem pri prodaji izleta za turiste, organizacijom izleta prema upitu , organizacijom transfera i prijevoza,\u00a0 posredovanjem pri prodaji nekretnina (starine, zemlji\u0161ta, ku\u0107e, stanovi), organizacijom manifestacija. <!--more--><\/p>\n<p style=\"text-align: justify;\">Sve ove djelatnosti obavlja tim ljudi s dugogodi\u0161njim iskustvom u turizmu. Annalinea d.o.o. registrirana je 1992. godine, te se do danas uspje\u0161no bavi svim navedem aktivnostima.<\/p>\n<p style=\"text-align: justify;\">Poslovnica Annalinea d.o.o.\u00a0 nalazi se u centru Mo\u0161\u0107eni\u010dke Drage, na adresi Stari grad 1, a na kru\u017enom toku prije ulaza u centar\u00a0 Mo\u0161\u0107eni\u010dke Drage je Bed &amp; breakfast PERUNIKA &#8211; sobe sa doru\u010dkom za turiste sa bazenom i terasom za sun\u010danje na adresi Most 1H, novi objekt otvoren u srpnju 2023. godine.<\/p>\n<p>AnnaLinea d.o.o. turisti\u010dka agencija<br \/>\nStari grad 1<br \/>\n51417 Mo\u0161\u0107eni\u010dka Draga<\/p>\n<p>Voditelj poslova Rikardo Staraj, suvlasnik u poduze\u0107u<\/p>\n<p>Radno vrijeme &#8211; dostupni : studeni &#8211; travanj :\u00a0 09:00- 1300 u poslovnici a Perunika recepcija od 08:00 &#8211; 12:00 sati\u00a0 ili na telefon 091 3737 749\u00a0 , nedjeljom i praznikom zatvoreno<\/p>\n<p>Radno vrijeme &#8211; dostupni : svibanj &#8211; listopad : 09:00 &#8211; 15:00\u00a0 ili na tel: 099 8067461,<\/p>\n<p>Banka: Erste &amp;Steiermaerkische bank d.d. Rijeka,<br \/>\nswift\/bic: ESBCHR22<br \/>\nKOD: HR-AB-51-040072407<br \/>\nOIB: 23593594588<br \/>\nIBAN: HR60 2402006 1100105339<\/p>\n<p>Trg. sud Rijeka MBS: 040072407<\/p>\n<p>Tt-13\/4918-4<\/p>\n<p><span style=\"line-height: 1.5em;\">Telefon: +385 51 737 207<\/span><br \/>\nMob: +385 91 3737 749 \u017deljka Rubini\u0107<\/p>\n<p>+ 385 91 1737 474 Monika Staraj<\/p>\n<p>E-mail: <a href=\"mailto:info@annalinea.hr\">info@annalinea.hr<\/a><a href=\"mailto:annalinea@ri.t-com.hr\"><br \/>\n<\/a>Web: <a href=\"http:\/\/www.annalinea.hr\/\">www.annalinea.hr<\/a><\/p>\n","protected":false},"excerpt":{"rendered":"<p>Turisti\u010dka agencija Annalinea d.o.o.\u00a0 smje\u0161tajem turista kod privatnih iznajmljiva\u010da i u hotelima te u svoj novom objektu\u00a0 PERUNIKA B&amp;B koja se nalazi u Mo\u0161\u0107eni\u010dkoj Dragi,posredovanjem pri prodaji izleta za turiste, organizacijom izleta prema upitu&#46;&#46;&#46;<\/p>\n","protected":false},"author":1,"featured_media":17244,"parent":0,"menu_order":0,"comment_status":"closed","ping_status":"closed","template":"","meta":[],"_links":{"self":[{"href":"https:\/\/annalinea.hr\/index.php?rest_route=\/wp\/v2\/pages\/53"}],"collection":[{"href":"https:\/\/annalinea.hr\/index.php?rest_route=\/wp\/v2\/pages"}],"about":[{"href":"https:\/\/annalinea.hr\/index.php?rest_route=\/wp\/v2\/types\/page"}],"author":[{"embeddable":true,"href":"https:\/\/annalinea.hr\/index.php?rest_route=\/wp\/v2\/users\/1"}],"replies":[{"embeddable":true,"href":"https:\/\/annalinea.hr\/index.php?rest_route=%2Fwp%2Fv2%2Fcomments&post=53"}],"version-history":[{"count":26,"href":"https:\/\/annalinea.hr\/index.php?rest_route=\/wp\/v2\/pages\/53\/revisions"}],"predecessor-version":[{"id":17246,"href":"https:\/\/annalinea.hr\/index.php?rest_route=\/wp\/v2\/pages\/53\/revisions\/17246"}],"wp:featuredmedia":[{"embeddable":true,"href":"https:\/\/annalinea.hr\/index.php?rest_route=\/wp\/v2\/media\/17244"}],"wp:attachment":[{"href":"https:\/\/annalinea.hr\/index.php?rest_route=%2Fwp%2Fv2%2Fmedia&parent=53"}],"curies":[{"name":"wp","href":"https:\/\/api.w.org\/{rel}","templated":true}]}}