{"id":10912,"date":"2018-03-19T15:42:04","date_gmt":"2018-03-19T14:42:04","guid":{"rendered":"http:\/\/annalinea.hr\/?page_id=10912"},"modified":"2024-04-21T10:14:59","modified_gmt":"2024-04-21T09:14:59","slug":"obavijest-o-nacinu-podnosenja-prigovora-potrosaca","status":"publish","type":"page","link":"https:\/\/annalinea.hr\/?page_id=10912","title":{"rendered":"Obavijest o na\u010dinu podno\u0161enja prigovora potro\u0161a\u010da"},"content":{"rendered":"<p>Sukladno \u010dlanku 10. st. 3 \u00a0Zakona o za\u0161titi potro\u0161a\u010da (Narodne novine, br. 41\/14) obavje\u0161tavamo potro\u0161a\u010de da prigovor na kvalitetu na\u0161ih usluga mogu dostaviti u pisanom obliku na adresu: Annalinea d.o.o., Stari grad 1, 51417 Mo\u0161\u0107eni\u010dka Draga\u00a0 Draga, ili\u00a0 na E-mail poduze\u0107a info@annalinea.hr<\/p>\n<p>odnosno za bed &amp; breakfast Perunika : na Adressu Annalinea d.o.o., B&amp;B perunika , Most 1H, ili na E-mail adresu : info@annalinea.hr<\/p>\n<p>&nbsp;<\/p>\n","protected":false},"excerpt":{"rendered":"<p>Sukladno \u010dlanku 10. st. 3 \u00a0Zakona o za\u0161titi potro\u0161a\u010da (Narodne novine, br. 41\/14) obavje\u0161tavamo potro\u0161a\u010de da prigovor na kvalitetu na\u0161ih usluga mogu dostaviti u pisanom obliku na adresu: Annalinea d.o.o., Stari grad 1, 51417&#46;&#46;&#46;<\/p>\n","protected":false},"author":1,"featured_media":0,"parent":0,"menu_order":0,"comment_status":"closed","ping_status":"closed","template":"","meta":[],"_links":{"self":[{"href":"https:\/\/annalinea.hr\/index.php?rest_route=\/wp\/v2\/pages\/10912"}],"collection":[{"href":"https:\/\/annalinea.hr\/index.php?rest_route=\/wp\/v2\/pages"}],"about":[{"href":"https:\/\/annalinea.hr\/index.php?rest_route=\/wp\/v2\/types\/page"}],"author":[{"embeddable":true,"href":"https:\/\/annalinea.hr\/index.php?rest_route=\/wp\/v2\/users\/1"}],"replies":[{"embeddable":true,"href":"https:\/\/annalinea.hr\/index.php?rest_route=%2Fwp%2Fv2%2Fcomments&post=10912"}],"version-history":[{"count":3,"href":"https:\/\/annalinea.hr\/index.php?rest_route=\/wp\/v2\/pages\/10912\/revisions"}],"predecessor-version":[{"id":17311,"href":"https:\/\/annalinea.hr\/index.php?rest_route=\/wp\/v2\/pages\/10912\/revisions\/17311"}],"wp:attachment":[{"href":"https:\/\/annalinea.hr\/index.php?rest_route=%2Fwp%2Fv2%2Fmedia&parent=10912"}],"curies":[{"name":"wp","href":"https:\/\/api.w.org\/{rel}","templated":true}]}}